. Suppose -5*o + 2*o = -3*n - 24, 5*o = -2*n + 12. Suppose 2*v = 2 + o. Suppose 0 = d - v*d. Calculate s(d).
-8
Suppose -2 - 4 = -z. Suppose -5*b = -z + 1. Let y(x) = -3*x + 0*x + 7*x. Calculate y(b).
4
Let o(f) = f**3 - f**2 + f + 11. Suppose 0*d - d = 4*y, 5*y + 4*d = 0. Give o(y).
11
Suppose -l = y + 3*l + 23, 4*y = -4*l - 32. Let s(h) = -1. Let i(v) = v - 5. Let q(t) = -i(t) + 4*s(t). Calculate q(y).
4
Let v(a) be the second derivative of -1/2*a**2 - 6*a - 1/12*a**4 - 5/6*a**3 + 0. What is v(-3)?
5
Let q(k) = -3*k - 17. Let l be q(-7). Suppose 2*r = -5*u + 14, u + 2 = -5*r - 9. Let m(b) = -u*b + 0*b + 3*b**2 - l*b**2. Calculate m(-5).
-5
Let a be 1/(-2) + 88/16. Let c(j) = -3*j**2 + 4*j**2 + j - 5*j - 7. Calculate c(a).
-2
Let a(y) be the first derivative of 8*y**3/3 - y**2/2 - y - 3. Suppose -3*i - 13 = v - 7*i, i + 2 = -5*v. Calculate a(v).
8
Let c(h) = h. Let a(z) = -2*z + 1. Let n(d) = a(d) + 3*c(d). Let p(g) = -g - 14. Let k(w) = -w - 14. Let y(u) = 2*k(u) - 3*p(u). Let l be y(-9). Determine n(l).
6
Let v = 7 - 3. Let i be (-3)/(-2)*v/3. Suppose 0 = -i*y - 9 + 1. Let j(q) = -2*q**2 - 7*q - 6. Determine j(y).
-10
Let o(q) = -3*q**2 - 13*q + 9. Let p(c) = -5*c**2 - 20*c + 14. Let b(x) = 8*o(x) - 5*p(x). What is b(3)?
-1
Suppose -3*w - a + 19 = 3*a, 4*a - 29 = -5*w. Suppose -2*o + o + 37 = -5*r, -15 = w*r. Suppose 4 = 4*n, 0 = 5*j - 0*n + 3*n + o. Let s(c) = 2*c + 7. Give s(j).
-3
Let z(f) be the first derivative of -f**4/4 - 5*f**3/3 + 5*f**2/2 - 8*f + 5. Suppose -2*y - 2 = 10. What is z(y)?
-2
Let y be 1/(0 - (-3 - -4)). Suppose 4*b = 25 - 9. Let v(n) = -b*n + 2*n + 1 - 2 + 9*n**2. What is v(y)?
10
Suppose 10*q + 6 = 9*q. Let t(o) = -5*o**3 - 11*o**2 - 5*o + 1. Let y(v) = -4*v**3 - 10*v**2 - 5*v + 1. Let i(k) = -3*t(k) + 4*y(k). Give i(q).
-5
Let x(r) = 9*r**3 + 9*r**2 + 6*r + 1. Let w(f) = -7*f**3 - 8*f**2 - 5*f. Let u(d) = 5*w(d) + 4*x(d). Let c = 10 - 6. Calculate u(c).
0
Let a(b) = -2*b**3 - 2*b**2 - 7*b. Let u(o) = 3*o**3 + 2*o**2 + 8*o + 1. Let j(y) = -4*a(y) - 3*u(y). Let k = -5 + 8. Calculate j(k).
0
Let d(p) = p. Let q be (-106)/22 + (-10)/55. Calculate d(q).
-5
Let r = 6 + -4. Let d = r + 0. Let u(o) = o**2 - 4*o**d + o**3 - 8 + o + 7. Give u(3).
2
Let o(a) = -a**3 - 2*a**2 - a + 9. Let f(s) = -3*s**3 - 7*s**2 - 4*s + 27. Let u(n) = 2*f(n) - 7*o(n). Give u(0).
-9
Let d(k) = k - 16. Let i(c) = 3*c - 46. Let t(g) = -17*d(g) + 6*i(g). Suppose 3*m = 7 + 5. Give t(m).
0
Let u(j) = -j. Let h(a) = 2*a - 2. Let q(g) = h(g) - u(g). Determine q(-5).
-17
Let s(x) = x**3 + 6*x**2 + 4*x - 1. Let c be (-1*(-4 + 2))/1. Suppose 0 = -4*d - y - 25, -2*y + 8 = -4*d - c. Determine s(d).
4
Let c(b) = 2*b**3 + 2*b**2 + 3*b + 3. Suppose 0 = -2*w - 7 + 3. Give c(w).
-11
Let r be 2*3/2 - 2. Suppose -q + 8 = 2*c, 2*c + 2*q = -q + 16. Let g(d) = d**c - 2 + 2 + r - 2*d. Give g(2).
1
Let t(m) = 3*m + 2. Let n(p) = -p**2 + 8*p - 11. Let k be n(5). What is t(k)?
14
Let q(h) = -5*h**2 + 2*h + 1. Let m be q(-1). Let r = -9 - m. Let k(l) = l. Calculate k(r).
-3
Let a(d) be the second derivative of d**7/2520 + d**6/720 - d**5/60 - d**4/12 - 2*d. Let t(z) be the third derivative of a(z). Determine t(-3).
4
Let h(g) = g**2 + 3*g + 2. Let y be h(-3). Let s(l) = 4*l**y + l**3 + 19 + 0*l**3 + 5*l - 15. Give s(-3).
-2
Suppose -3*n + 7*n = 0. Let r be (2/(-3))/(1/6). Let t = r - n. Let p(z) = z**2 + 3*z - 4. What is p(t)?
0
Let k(m) = 23 - 48 - 6*m + 23. Give k(2).
-14
Let s(a) = -4 - 5*a**2 - 4*a + 4*a - a**3 + 3 + 6*a. Determine s(-6).
-1
Let p(y) = 2*y**3 - y. Suppose 5*b = -0*q + 5*q - 20, 0 = -b + 2*q - 9. Determine p(b).
1
Let d be 12/28 - (-25)/7. Let j(s) = 3*s - 3. Calculate j(d).
9
Suppose -3*q = -2*o - 14, -5*q - 8*o = -3*o - 40. Let s(m) = -2*m + 9. What is s(q)?
-3
Let m(d) = -2*d. Suppose 2*u = u. Suppose 0*s + 2*s + 8 = u. Determine m(s).
8
Let x(a) = a**3 - 5*a**2 + 6*a - 3. Let k be x(4). Suppose k*y + 2 + 3 = 0. Let p(d) = 3*d**2 - 1 - 3*d**2 + 4*d**2. What is p(y)?
3
Suppose g + 5*f = 4*g - 12, -f - 8 = 5*g. Let d(y) = 14*y**3 + 2*y**2 + 2*y + 1. Give d(g).
-13
Let p(z) = -6*z**2 - z - 6. Let s(c) = -5*c**2 - 6. Let n(f) = -4*p(f) + 5*s(f). What is n(4)?
-6
Let k be ((-7)/1)/(1*-1). Let y = k - 2. Let h(f) = f - 5. What is h(y)?
0
Let b(l) = -2*l**3 + 2*l**2 - l + 2. Let z be b(2). Let m = z - -5. Let a(t) = 2*t + 5. Let i(w) = 6*w + 14. Let h(x) = -11*a(x) + 4*i(x). What is h(m)?
-5
Let n(w) be the third derivative of -w**8/20160 + w**7/1008 - w**6/180 + w**5/12 - 3*w**2. Let p(o) be the third derivative of n(o). Determine p(4).
0
Let n(f) be the second derivative of f**4/12 - f**3/2 - 3*f**2/2 - 5*f. What is n(5)?
7
Let x(w) = w + 12. Let d be (-8)/(-10)*90/4. Let y be 8/3*d/12. Suppose -l = 6*z - z + 5, 20 = -y*z - 4*l. Give x(z).
12
Let p(w) = -3*w**2 - 1. Let o be (3 + -3)/((-2)/2). Suppose o = 4*t + 2 - 10. What is p(t)?
-13
Let w(a) be the second derivative of -3*a + 0 + 7/2*a**2 + 1/20*a**5 - a**3 - 1/3*a**4. Calculate w(5).
2
Let b(n) = -n + 9. Let p be b(11). Let w = p - -3. Let o(v) = v - 2. Give o(w).
-1
Let b be (-88)/(-6) + (-1)/(-3). Let v be (-3)/b + (-102)/(-10). Let s(x) = -x - 2*x - v + 2*x + 2*x - x**2. Calculate s(0).
-10
Let o(q) = q**2 + 2*q + 3. Let m(i) = -4*i**2 - 8*i - 14. Let a(c) = 2*c**2 + 4*c + 7. Let t(s) = -13*a(s) - 6*m(s). Let j(n) = 14*o(n) + 6*t(n). Give j(-3).
6
Let h = 0 + 3. Let r(a) = 5*a. Let w(z) = z. Let t(l) = -r(l) + 4*w(l). Let u(g) = g**2 + g + 4. Let m(n) = 5*t(n) + u(n). Calculate m(h).
1
Let q(s) = 4*s**2 + 10*s + 1. Let y(w) = -w**2 - w - 1. Let n(j) = q(j) + 5*y(j). Let f = 5 + -1. Give n(f).
0
Suppose 2*p = 3*p - 3. Suppose -5*v = 3*r + 2*r - 30, 2*r - v - p = 0. Let w(q) = r + 5*q**2 - q - 5 + 2. Determine w(-1).
6
Let j(l) be the third derivative of l**5/60 + 5*l**4/24 + 7*l**3/6 - 26*l**2. Give j(-5).
7
Let m(o) = -o**3 + 9*o**2 - 10*o - 3. Let g(q) = q**3 + 10*q**2 + 8*q - 1. Let f be g(-9). Determine m(f).
-19
Let p(d) = -d**2 + 5*d - 1. Let i = 4 - 6. Let w = -11 + 12. Let s be 3/w + (i - -5). What is p(s)?
-7
Let r = -7 - -3. Let f be 3/2*8/6. Let b(n) = 4 - 6 + 4 + n + f. What is b(r)?
0
Suppose 5*g = 2*r + r - 13, -3*r + g + 5 = 0. Let w = r - 3. Let t be w*(2 - (2 - -2)). Let f(s) = s**3 - 3*s**2 - 5*s - 2. Give f(t).
-6
Let t(z) = -9*z**3 - 3*z**3 + 6*z**3 - 1. Let d(u) = -u**3 + 4*u**2 + 6*u - 2. Let g be d(5). Let s = 2 - g. Give t(s).
5
Let t be 146/(-8) + 2/8. Let n = 21 + t. Let j(i) be the first derivative of i**3/3 - 2*i**2 + 1. What is j(n)?
-3
Let c(w) = w**2 - 4*w - 5. Suppose -3*v - 33 = -12. Let p(b) = -7*b**2 - b**3 - 3*b - 5*b + 6*b - 2 + b. Let u be p(v). Calculate c(u).
0
Suppose 3*b - 5 = 4. Suppose 4 = b*w - p, 4*p - 4 = 2*w + 2*p. Let s(o) be the third derivative of o**4/8 - o**3/6 + 3*o**2. Give s(w).
8
Let s be (28/(-24) - 4/(-6))/(-2). Let v(n) be the first derivative of -1/2*n**2 - 3 - 5/3*n**3 + 4*n - s*n**4. Calculate v(-4).
-8
Let k be ((-33)/22)/(2/4). Let g(x) = x + 3. Calculate g(k).
0
Let g(k) be the second derivative of -2*k - 1/6*k**3 + 0 - 2*k**2. Let f = 9 + -13. Determine g(f).
0
Let u = 7 + -7. Let b(y) = y**3 + y**2 + y + 9. What is b(u)?
9
Suppose 4*w - 16 = -0*w. Let x(r) = -2 + 3 - 4 + w*r**2 - 5*r**2. Calculate x(0).
-3
Let k(b) be the third derivative of b**5/60 - b**4/4 + b**3/3 + b**2. Suppose 6 = 16*q - 74. What is k(q)?
-3
Let t(i) = -i**3 + 10*i**2 - 8*i - 11. Suppose -28*x = -25*x - 27. Calculate t(x).
-2
Let r(y) be the first derivative of -y**3/3 + y**2 + 5. Determine r(2).
0
Suppose -9 = -3*h + 6. Let d(i) = i**2 - 5*i + 5. Let u be d(5). Let s(y) = y - 8. Let f(j) = j - 7. Let o(c) = u*s(c) - 6*f(c). Determine o(h).
-3
Let d(b) be the third derivative of -b**4/24 + 11*b**3/6 - 4*b**2. Give d(7).
4
Let o(t) = -2 + 117*t - 63*t - 53*t. Calculate o(-5).
-7
Let p(k) be the third derivative of -k**5/60 + k**4/12 + k**3/2 - 4*k**2. What is p(4)?
-5
Let i(r) = -7 + r**2 - r + 4*r - 4*r. Let s = 4 - 4. Suppose -5*w = -s*w. Determine i(w).
-7
Let n = 21 - 22. Let s(r) = r**3 + 2*r**2 - 1. Give s(n).
0
Let m(g) = 4*g**2 + g**3 - 2*g**3 - 2*g**2 - 2*g. Let n be (3 - 23)/4*-1 - 3. Determine m(n).
-4
Let k = 9 - 6. Suppose -1 = 4*t + k. Let n(a) be the first derivative of -3*a**2 - 10. Calculate n(t).
6
Let a(b) = -2*b**2 - 19*b - 8. Let c b